he units digit of 10638?
8
What is the ten thousands digit of 166882?
6
What is the units digit of 12126?
6
What is the tens digit of 7918?
1
What is the units digit of 11627?
7
What is the tens digit of 3645?
4
What is the hundreds digit of 2046?
0
What is the tens digit of 322?
2
What is the thousands digit of 21048?
1
What is the hundreds digit of 3439?
4
What is the ten thousands digit of 45803?
4
What is the thousands digit of 1295?
1
What is the hundreds digit of 887?
8
What is the hundreds digit of 639?
6
What is the hundreds digit of 9982?
9
What is the tens digit of 134?
3
What is the ten thousands digit of 46034?
4
What is the tens digit of 6873?
7
What is the hundreds digit of 2754?
7
What is the tens digit of 36383?
8
What is the units digit of 227?
7
What is the hundreds digit of 3466?
4
What is the tens digit of 987?
8
What is the units digit of 8092?
2
What is the tens digit of 14651?
5
What is the units digit of 1386?
6
What is the thousands digit of 13617?
3
What is the units digit of 53240?
0
What is the thousands digit of 12441?
2
What is the tens digit of 982?
8
What is the tens digit of 41748?
4
What is the thousands digit of 5414?
5
What is the tens digit of 303?
0
What is the thousands digit of 2606?
2
What is the units digit of 876?
6
What is the hundreds digit of 44980?
9
What is the units digit of 1132?
2
What is the thousands digit of 8261?
8
What is the units digit of 131?
1
What is the thousands digit of 11452?
1
What is the tens digit of 71096?
9
What is the tens digit of 1488?
8
What is the units digit of 3635?
5
What is the thousands digit of 9743?
9
What is the hundreds digit of 670?
6
What is the tens digit of 10054?
5
What is the tens digit of 56015?
1
What is the hundreds digit of 615?
6
What is the tens digit of 912?
1
What is the hundreds digit of 925?
9
What is the tens digit of 1679?
7
What is the thousands digit of 3972?
3
What is the units digit of 8595?
5
What is the hundreds digit of 4606?
6
What is the hundreds digit of 4875?
8
What is the thousands digit of 1788?
1
What is the hundreds digit of 553?
5
What is the thousands digit of 122789?
2
What is the hundreds digit of 416?
4
What is the hundreds digit of 8817?
8
What is the thousands digit of 13685?
3
What is the tens digit of 670?
7
What is the units digit of 367?
7
What is the hundreds digit of 22195?
1
What is the tens digit of 42002?
0
What is the tens digit of 1887?
8
What is the ten thousands digit of 28710?
2
What is the hundreds digit of 310?
3
What is the hundreds digit of 23989?
9
What is the thousands digit of 86418?
6
What is the hundreds digit of 790?
7
What is the thousands digit of 9754?
9
What is the hundreds digit of 5682?
6
What is the hundreds digit of 961?
9
What is the thousands digit of 3759?
3
What is the tens digit of 17235?
3
What is the thousands digit of 5718?
5
What is the hundreds digit of 6408?
4
What is the hundreds digit of 19606?
6
What is the ten thousands digit of 21576?
2
What is the thousands digit of 4890?
4
What is the units digit of 32468?
8
What is the thousands digit of 16201?
6
What is the tens digit of 9713?
1
What is the hundreds digit of 427?
4
What is the tens digit of 1040?
4
What is the units digit of 22904?
4
What is the hundreds digit of 9707?
7
What is the hundreds digit of 3391?
3
What is the tens digit of 20870?
7
What is the hundreds digit of 1024?
0
What is the hundreds digit of 26684?
6
What is the tens digit of 5257?
5
What is the tens digit of 6414?
1
What is the thousands digit of 12018?
2
What is the thousands digit of 1235?
1
What is the tens digit of 6635?
3
What is the hundreds digit of 3863?
8
What is the tens digit of 7128?
2
What is the thousands digit of 22547?
2
What is the thousands digit of 5636?
5
What is the ten thousands digit of 32891?
3
What is the units digit of 1828?
8
What is the thousands digit of 12304?
2
What is the hundreds digit of 33904?
9
What is the thousands digit of 16005?
6
What is the hundreds digit of 1297?
2
What is the units digit of 22482?
2
What is the tens digit of 665?
6
What is the thousands digit of 17222?
7
What is the thousands digit of 15478?
5
What is the tens digit of 8999?
9
What is the hundreds digit of 2056?
0
What is the tens digit of 20420?
2
What is the thousands digit of 6500?
6
What is the tens digit of 4518?
1
What is the tens digit of 36962?
6
What is the units digit of 5392?
2
What is the tens digit of 548?
4
What is the ten thousands digit of 124583?
2
What is the units digit of 129?
9
What is the hundreds digit of 73065?
0
What is the tens digit of 3310?
1
What is the units digit of 645?
5
What is the tens digit of 18452?
5
What is the units digit of 211?
1
What is the ten thousands digit of 105959?
0
What is the tens digit of 20026?
2
What is the thousands digit of 1864?
1
What is the tens digit of 934?
3
What is the thousands digit of 4784?
4
What is the tens digit of 2253?
5
What is the hundreds digit of 1769?
7
What is the hundreds digit of 89880?
8
What is the tens digit of 604?
0
What is the tens digit of 1426?
2
What is the tens digit of 2085?
8
What is the thousands digit of 3418?
3
What is the units digit of 2074?
4
What is the thousands digit of 25341?
5
What is the thousands digit of 3026?
3
What is the ten thousands digit of 67155?
6
What is the tens digit of 4219?
1
What is the hundreds digit of 857?
8
What is the hundreds digit of 697?
6
What is the hundreds digit of 1054?
0
What is the tens digit of 1040?
4
What is the hundreds digit of 146256?
2
What is the tens digit of 5888?
8
What is the tens digit of 1514?
1
What is the thousands digit of 1184?
1
What is the thousands digit of 18475?
8
What is the tens digit of 129812?
1
What is the hundreds digit of 20821?
8
What is the ten thousands digit of 19415?
1
What is the thousands digit of 39509?
9
What is the tens digit of 1056?
5
What is the hundreds digit of 3292?
2
What is the ten thousands digit of 13719?
1
What is the units digit of 5754?
4
What is the ten thousands digit of 33187?
3
What is the ten thousands digit of 73449?
7
What is the tens digit of 51834?
3
What is the tens digit of 799?
9
What is the hundreds digit of 6510?
5
What is the hundreds digit of 99007?
0
What is the tens digit of 4132?
3
What is the units digit of 6474?
4
What is the thousands digit of 1445?
1
What is the units digit of 8762?
2
What is the thousands digit of 18423?
8
What is the tens digit of 888?
8
What is the units digit of 2247?
7
What is the tens digit of 658?
5
What is the hundreds digit of 824?
8
What is the tens digit of 4099?
9
What is the hundreds digit of 6129?
1
What is the thousands digit of 1080?
1
What is the thousands digit of 95649?
5
What is the units digit of 5771?
1
What is the tens digit of 1479?
7
What is the thousands digit of 9736?
9
What is the tens digit of 11488?
8
What is the units digit of 4498?
8
What is the ten thousands digit of 52924?
5
What is the hundreds digit of 947?
9
What is the tens digit of 25480?
8
What is the units digit of 11096?
6
What is the thousands digit of 27362?
7
What is the units digit of 667?
7
What is the units digit of 1575?
5
What is the ten thousands digit of 204235?
0
What is the units digit of 8499?
9
What is the thousands digit of 28964?
8
What is the units digit of 5630?
0
What is the units digit of 63123?
3
What is the tens digit of 1691?
9
What is the units digit of 2880?
0
What is the units digit of 178?
8
What is the hundreds digit of 4837?
8
What is the units digit of 3884?
4
What is the hundreds digit of 17953?
9
What is the ten thousands digit of 47043?
4
What is the hundreds digit of 32687?
6
What is the thousands digit of 12571?
2
What is the tens digit of 5992?
9
What is the units digit of 6537?
7
What is the tens digit of 4087?
8
What is the thousands digit of 23573?
3
What is the units digit of 77326?
6
What is the units digit of 7?
7
What is the tens digit of 324?
2
What is the tens digit of 81216?
1
What is the hundreds digit of 38410?
4
What is the ten thousands digit of 55388?
5
What is the tens digit of 28067?
6
What is the thousands digit of 11082?
1
What is the hundreds digit of 7013?
0
What is the units digit of 35770?
0
What is the thousands digit of 9246?
9
What is the thousands digit of 39195